0. Suppose -w - 9*o + 6*o - 14 = 0, -8 = -3*w + o. What is the units digit of w/(-4 - g/188)?
7
Let x(o) be the third derivative of o**5/20 + 7*o**4/24 + 2*o**3/3 - o**2. Suppose j + 4 = 0, -3*j - 20 = 3*b + 4. What is the tens digit of x(b)?
2
Suppose -2*h = 4*f - 184, 2*f + 8 = 5*h + 100. What is the tens digit of f?
4
What is the units digit of ((-1590)/9)/(12/(-18))?
5
What is the hundreds digit of (-17038)/(-16) - (-7)/56?
0
Let j be (-5)/(-4) - (-15)/20. Suppose 0 = j*p + 123 + 37. Let x = 118 + p. What is the units digit of x?
8
Let y(z) = -2*z - 14. Let d be y(-10). Let n = d - 3. Suppose -n*g = -4*i + 126, -67 = -4*i + g + 55. What is the tens digit of i?
3
Suppose 4*f + f = 5. Let o be ((-3)/1)/(f + 0). What is the units digit of 5/((-2 - -1)/o)?
5
Let c be 1*-2 - (13 + -7). Let k(t) = -t**2 - 11*t + 2. Let j be k(c). Let h = j - 14. What is the tens digit of h?
1
Suppose 5*k + 4*i - 3581 = 0, -5*i + 349 = -2*k + 1788. What is the units digit of k?
7
Let c = 1891 - 1586. What is the hundreds digit of c?
3
What is the units digit of (-10478)/(-18) + (-14)/126?
2
Let z(s) be the third derivative of -s**5/60 - s**4/3 - s**3/3 - 2*s**2. Suppose 0 = 5*w + 47 - 12. What is the units digit of z(w)?
5
Let w be 0 - (10/3)/(4/(-1068)). Suppose r = 5*o - w, -82 = -o + 5*r + 120. What is the tens digit of o?
7
Let s = 48 - -54. What is the units digit of s?
2
Let i(c) = -32*c - 7. What is the tens digit of i(-16)?
0
Let h = 687 + -386. What is the units digit of h?
1
Let t(u) = -2*u**2 - 5*u - 4. Let o be t(-3). Let z = 48 - o. What is the units digit of z?
5
Let y(t) = -t**3 - 28*t**2 - 23*t - 213. What is the tens digit of y(-28)?
3
Let v(m) = -6*m - 4 - m**2 + 0*m + 2*m - 2*m. Let t be v(-4). What is the units digit of (-90)/t*8/(-6)?
0
Let o be (0 - -2) + (-1 - 64). Let a = o + 146. What is the tens digit of a?
8
Let c = -2 + 5. Suppose c*d - 205 = 263. Suppose -d = -6*x + 2*x. What is the tens digit of x?
3
Suppose -5*q = m - 14, 3*m + 10 = 5*q - 8. Let w = -42 + 90. Suppose -5*y + 0*y - q*v = -33, 4*y - 3*v = w. What is the units digit of y?
9
Suppose -11*b = -34*b + 60306. What is the units digit of b?
2
Let d = -9 - -11. Let y(p) = -1 - 2*p + 4*p - 1 + 2*p**d - p**2. What is the units digit of y(2)?
6
Let c = -605 + 1206. What is the tens digit of c?
0
Suppose 8*x = 5*x + 6. What is the units digit of (-1563)/(-9) + (-8)/3 + x?
3
Let s(n) be the second derivative of -n**5/20 + 5*n**4/4 + 19*n**3/6 - 23*n**2/2 + 12*n. Let v be s(16). Suppose 5*t = 4*t + v. What is the tens digit of t?
2
Suppose -2*q = -5*m - 296 - 667, 5*q + 4*m - 2490 = 0. What is the units digit of q?
4
Let d(g) = 4*g - 2. Let w(i) = 2*i - 1. Let j(v) = 6*d(v) - 15*w(v). Suppose -1 = 6*y + 47. What is the units digit of j(y)?
1
Let w(v) = v**2 + 6. Let u be w(0). Let g(x) = 3*x**3 - 2*x**2 - 3*x + 4. Let f be g(3). Suppose 2*y = u + f. What is the tens digit of y?
3
Suppose 0 = -12*i + 6703 + 17789. What is the tens digit of i?
4
Let b be -1*2*434/(-7). Suppose 15*y - 11*y = b. What is the tens digit of y?
3
Let m = -841 - -2016. What is the thousands digit of m?
1
Let u(l) be the first derivative of l**2/2 - l + 18. What is the units digit of u(18)?
7
Suppose -5*q = 5*t - 35, -t = 2*t - 5*q - 5. Suppose 4*p - 3*g - 435 = -2*g, -3*p = t*g - 309. What is the hundreds digit of p?
1
Suppose p + 4*p + 4*w = 139, -p = 4*w - 15. Suppose 6*r - p = -103. What is the tens digit of 1/(-6) - 506/r?
4
Suppose 5*r = 4*i - 2272, -4*i + 5*i - r - 569 = 0. Suppose 3*w - 339 = -3*g, 4*w - i = -w - g. What is the hundreds digit of w?
1
Let m = -52 - -712. What is the hundreds digit of m?
6
Let d = 470 + -189. What is the tens digit of d?
8
Let i = 5 - -8. What is the units digit of i/((-2)/(-12)*2)?
9
Suppose -5*n + 420 - 20 = 0. Let b = -75 + n. What is the units digit of b?
5
Let k be (9/6)/(2/12). Let w = 12 - k. What is the tens digit of (11*6)/w - 3?
1
Let f = 780 + -836. Let n = 3 - 5. What is the units digit of (-3984)/f - n/(-14)?
1
Suppose -2*x + 2*y = -386, 2*x - 227 - 139 = -2*y. Let d = x - 92. Suppose -5*z + 2*g = -g - 136, -4*z - 4*g + d = 0. What is the units digit of z?
6
Let o(n) = -109*n - 1. What is the tens digit of o(-21)?
8
Suppose 0 = -0*v - 2*v - 2*t + 2, 0 = -5*v - 2*t + 17. Suppose 2*x = 6*x - v*j - 6, -3 = -3*x + 3*j. What is the units digit of 26/4 - x/(-2)?
6
Suppose 0 = -592*q + 599*q - 1050. What is the units digit of q?
0
Let t(g) = 18*g**2 - 75*g - 432. What is the units digit of t(-6)?
6
Let q be (-2)/(-3)*18/4. Suppose 3*j - g + 6*g - 38 = 0, -2*j = -q*g. What is the units digit of j?
6
What is the tens digit of 605/2 + (-213)/(-142)?
0
Suppose y - 6 = 4*y. What is the units digit of y + 9 + -3 + 145?
9
Let p = 2092 - 1244. What is the hundreds digit of p?
8
Let u(r) = 2*r + 7. Let z be u(-3). Let c be -30*(z + (-4)/3). Suppose 2*t + c = 6*t + 2*d, 10 = t + 3*d. What is the units digit of t?
1
Suppose 0 = 3*w - 2*y - 7302, -3*w - 2*y = -10*w + 17046. What is the hundreds digit of w?
4
Let k(v) = -298*v - 21. What is the units digit of k(-4)?
1
Let l = 319 - -3484. What is the thousands digit of l?
3
Suppose 4 = 2*k + 5*t, -3*k + 4*t = -0*k + 17. Let h be k + 11/1 - 3. Suppose -2*f + 2*w + 42 = 0, -5*f + 84 = h*w - 1. What is the units digit of f?
9
Let t(l) = -l + 8. Suppose 0 = -5*z + 4*d + 83, -2*z + 21 = 4*d - 1. Let x(b) = -b**2 + 15*b + 6. Let a be x(z). What is the units digit of t(a)?
2
Let k(c) = 3383*c - 105. What is the hundreds digit of k(2)?
6
Suppose -2*i - 79 = -3*s, -3*s + 2*i = 3*i - 73. Suppose -x - s = 4*x. What is the tens digit of x*(-4 - 8/(-10))?
1
Let v(n) = 432*n - 61. What is the thousands digit of v(4)?
1
Suppose -2*t = -3*i + 289, i - 3*i + 441 = -3*t. Let c be t/(-4) + (-1)/4. Suppose -9 = w - c. What is the tens digit of w?
2
Suppose 0 = -5*j - 20, -3*g = -3*j + 7*j - 32. Suppose a = -a + g. Suppose 12*q - 44 = a*q. What is the units digit of q?
1
Let q(m) = -3*m - 10. Let l be q(-11). Let u(h) = l + 6*h**2 - 7*h**2 + 17*h - h**3 - 8*h**2. What is the tens digit of u(-11)?
7
Let m = 382 - 201. Let a = m - 6. What is the hundreds digit of a?
1
Suppose -7*b + 122 = -18. Let x = b + 145. What is the hundreds digit of x?
1
Let q be 12/(-9)*-3*(1 - -3). What is the units digit of 4/q + 6/8?
1
Suppose 0 = -l + 4*l + 3*b - 3, -5*l - 2*b + 8 = 0. Let o(c) = 3*c - 3. What is the units digit of o(l)?
3
Let t(j) = 10*j**2 - 3*j + 3. What is the hundreds digit of t(-4)?
1
Suppose 0 - 32 = -4*u. Let i(y) = y**3 - 9*y**2 + 7*y + 6. Let d be i(u). Let c(a) = -7*a. What is the units digit of c(d)?
4
Let r = 720 - 429. What is the hundreds digit of r?
2
Let t(x) = x**2 + 8*x + 5. Let l be 1 - (2 - 0)*-1. Let n be -1 + -4 - l - 3. What is the units digit of t(n)?
8
Suppose 2*f = -3*f + 45. Let s be (72/15)/(f/30). Suppose -2*o = -46 + s. What is the tens digit of o?
1
Let v = 772 - -640. What is the hundreds digit of v?
4
Let m be (-5)/(-15) + 56/12. Suppose 0 = m*l - 3*l - 146. What is the units digit of l?
3
What is the thousands digit of (-6)/1 + 1195 + 25?
1
Suppose 0*w - 5*w = -70. Let h = w - 46. Let q = -16 - h. What is the tens digit of q?
1
Let h = 19 - 13. Let g(w) be the third derivative of -w**5/60 + w**4/3 + 2*w**3/3 + 30*w**2. What is the units digit of g(h)?
6
Suppose 1732 = 5*b - 4*w, -43*b + 41*b = -4*w - 700. What is the tens digit of b?
4
Let o = 303 + -163. What is the tens digit of o?
4
Suppose -2*r + 6469 = -13*i + 12*i, -5*i = -r + 3248. What is the units digit of r?
3
Let j be 91 - (5 + -4 + 2). Let p = j - -17. What is the hundreds digit of p?
1
Suppose 4*d - 9844 = -x, -21*d = -17*d - 5*x - 9844. What is the hundreds digit of d?
4
Let g(r) = -3*r - 16. Let n be g(-6). Suppose -5*b + 10 = -y - 6, n*y - 12 = -b. Suppose -46 = 3*i - b*i. What is the tens digit of i?
4
What is the units digit of 53/371 + 0 + 27066/21?
9
What is the units digit of 1 - 3/(2 + (-639)/318)?
9
Let l = -830 - -1150. What is the units digit of l?
0
What is the units digit of ((-4455)/27)/(-2 - (-51)/27)?
5
Suppose -62*z = 22*z - 82740. What is the tens digit of z?
8
Let g(d) = 20*d - 57. What is the hundreds digit of g(29)?
5
Suppose 4*r - l = -r + 6, 2*l = 4*r. Suppose -p - 1 = -r, -4*m = -4*p - 240. What is the tens digit of m?
6
Let z b